ctor of 133 and 95?
19
What is the highest common divisor of 2329 and 1507?
137
What is the greatest common factor of 3240 and 40?
40
What is the greatest common factor of 62556 and 156?
156
Calculate the highest common factor of 44 and 836.
44
What is the highest common factor of 1029 and 147?
147
Calculate the greatest common divisor of 72 and 1632.
24
Calculate the highest common factor of 27 and 2943.
27
Calculate the greatest common divisor of 15910 and 43.
43
Calculate the highest common divisor of 247 and 26.
13
What is the greatest common divisor of 420 and 3?
3
Calculate the highest common divisor of 168 and 21.
21
Calculate the highest common divisor of 402 and 2077.
67
What is the highest common factor of 9 and 5?
1
Calculate the highest common divisor of 2 and 13.
1
What is the greatest common factor of 1639 and 447?
149
Calculate the highest common divisor of 56 and 24.
8
What is the highest common divisor of 187 and 11?
11
What is the greatest common divisor of 291 and 485?
97
What is the highest common factor of 74 and 222?
74
Calculate the highest common factor of 21 and 364.
7
Calculate the highest common divisor of 2 and 46.
2
What is the greatest common factor of 348 and 1827?
87
What is the highest common factor of 1611 and 24?
3
What is the greatest common factor of 1 and 509?
1
Calculate the highest common factor of 415 and 145.
5
What is the greatest common factor of 4308 and 12?
12
What is the highest common divisor of 20 and 360?
20
Calculate the highest common divisor of 151 and 124877.
151
What is the highest common factor of 139 and 31553?
139
Calculate the greatest common factor of 288 and 45.
9
Calculate the highest common divisor of 88 and 154.
22
What is the highest common divisor of 825 and 150?
75
Calculate the greatest common factor of 64 and 176.
16
Calculate the highest common divisor of 4300 and 60.
20
Calculate the highest common divisor of 438 and 42.
6
What is the greatest common factor of 42770 and 65?
65
What is the greatest common factor of 42 and 17150?
14
Calculate the greatest common factor of 116 and 2378.
58
What is the highest common factor of 5850 and 18?
18
What is the highest common divisor of 589 and 76?
19
Calculate the highest common factor of 46 and 42113.
23
Calculate the greatest common factor of 56 and 1148.
28
What is the greatest common factor of 5332 and 124?
124
Calculate the highest common divisor of 1764 and 72.
36
What is the greatest common factor of 30350 and 50?
50
What is the highest common factor of 11480 and 420?
140
Calculate the highest common factor of 3493 and 14.
7
Calculate the greatest common divisor of 4 and 696.
4
Calculate the greatest common divisor of 1834 and 2620.
262
Calculate the greatest common divisor of 8 and 39752.
8
What is the greatest common divisor of 656 and 24?
8
Calculate the highest common divisor of 245 and 420.
35
Calculate the greatest common divisor of 204 and 51.
51
Calculate the highest common factor of 135 and 27.
27
What is the greatest common divisor of 44 and 220?
44
Calculate the greatest common divisor of 2033 and 38.
19
What is the highest common factor of 1526 and 154?
14
Calculate the highest common factor of 858 and 1914.
66
Calculate the greatest common factor of 25 and 50.
25
What is the highest common factor of 18 and 288?
18
What is the highest common divisor of 468 and 252?
36
Calculate the highest common factor of 798 and 126.
42
What is the greatest common factor of 29 and 16008?
29
Calculate the greatest common divisor of 4982 and 106.
106
What is the highest common factor of 36443 and 11?
11
Calculate the highest common divisor of 9 and 2835.
9
What is the highest common divisor of 49 and 441?
49
Calculate the highest common factor of 323 and 19.
19
Calculate the highest common factor of 99 and 29865.
33
Calculate the highest common divisor of 15 and 4695.
15
What is the greatest common factor of 22 and 869?
11
What is the highest common divisor of 66 and 429?
33
Calculate the highest common divisor of 6 and 696.
6
Calculate the highest common factor of 656 and 112.
16
What is the highest common factor of 741 and 57?
57
What is the greatest common divisor of 306 and 198?
18
Calculate the greatest common factor of 5134 and 34.
34
Calculate the greatest common factor of 76 and 551.
19
Calculate the greatest common factor of 200 and 1880.
40
Calculate the highest common divisor of 660 and 1740.
60
Calculate the greatest common divisor of 21 and 483.
21
Calculate the highest common divisor of 580 and 60.
20
What is the greatest common divisor of 8 and 1116?
4
What is the greatest common divisor of 33 and 2673?
33
What is the greatest common divisor of 47328 and 68?
68
Calculate the highest common factor of 3104 and 160.
32
What is the highest common divisor of 4291 and 21?
7
What is the highest common divisor of 228 and 4028?
76
What is the highest common factor of 155 and 217?
31
Calculate the greatest common factor of 500 and 40.
20
What is the highest common factor of 61 and 488?
61
Calculate the highest common divisor of 960 and 3008.
64
Calculate the greatest common divisor of 2 and 223.
1
What is the highest common divisor of 1120 and 9440?
160
Calculate the greatest common factor of 850 and 500.
50
What is the greatest common factor of 2403 and 89?
89
What is the greatest common divisor of 4245 and 15?
15
Calculate the highest common factor of 115 and 253.
23
What is the greatest common factor of 5886 and 9?
9
Calculate the highest common factor of 20 and 1190.
10
What is the greatest common factor of 204 and 85?
17
What is the greatest common factor of 15 and 330?
15
Calculate the highest common factor of 8091 and 62.
31
What is the greatest common divisor of 2 and 84?
2
What is the highest common factor of 24 and 168?
24
Calculate the highest common divisor of 603 and 9.
9
What is the greatest common divisor of 88 and 121?
11
Calculate the highest common divisor of 88 and 1606.
22
Calculate the greatest common factor of 624 and 48.
48
What is the greatest common factor of 18 and 960?
6
Calculate the greatest common divisor of 40 and 2030.
10
Calculate the greatest common divisor of 12 and 492.
12
What is the highest common divisor of 1215 and 45?
45
Calculate the greatest common divisor of 30 and 465.
15
Calculate the highest common factor of 196 and 9212.
196
What is the greatest common divisor of 152 and 2318?
38
What is the greatest common factor of 12 and 642?
6
Calculate the highest common divisor of 25 and 1025.
25
What is the highest common divisor of 312 and 273?
39
What is the greatest common factor of 6801 and 3?
3
What is the greatest common factor of 1045 and 836?
209
Calculate the highest common factor of 416 and 13.
13
Calculate the highest common divisor of 23 and 345.
23
What is the highest common factor of 63 and 189?
63
What is the highest common factor of 124 and 6758?
62
Calculate the highest common factor of 22 and 440.
22
Calculate the greatest common factor of 18 and 4086.
18
What is the highest common factor of 117 and 18?
9
What is the greatest common factor of 65 and 12805?
65
What is the greatest common divisor of 210 and 189?
21
What is the greatest common divisor of 35 and 64960?
35
Calculate the highest common divisor of 290 and 45.
5
Calculate the greatest common factor of 22 and 308.
22
Calculate the highest common divisor of 267 and 34977.
267
Calculate the greatest common divisor of 18 and 207.
9
What is the greatest common divisor of 328 and 2?
2
Calculate the greatest common factor of 2172 and 48.
12
What is the highest common factor of 2065 and 35?
35
Calculate the greatest common divisor of 589 and 703.
19
What is the greatest common factor of 376 and 40?
8
Calculate the highest common factor of 679 and 2328.
97
Calculate the greatest common divisor of 13 and 7.
1
What is the greatest common factor of 12733 and 107?
107
Calculate the highest common divisor of 64 and 2560.
64
Calculate the highest common divisor of 120 and 120.
120
What is the highest common divisor of 160 and 64?
32
What is the greatest common factor of 18 and 6066?
18
Calculate the highest common divisor of 27156 and 62.
62
What is the highest common factor of 469 and 536?
67
What is the highest common fa